{"id":24,"date":"2010-05-21T09:12:33","date_gmt":"2010-05-21T07:12:33","guid":{"rendered":"http:\/\/www.schusterxxl.de\/wp_wuerzberg\/?page_id=24"},"modified":"2026-01-29T16:42:24","modified_gmt":"2026-01-29T15:42:24","slug":"touristmus","status":"publish","type":"page","link":"https:\/\/www.wuerzberg.info\/?page_id=24","title":{"rendered":"Gastro \/ Tourismus"},"content":{"rendered":"\n<h2 class=\"wp-block-heading\">Gastronomie<\/h2>\n\n\n\n<h3 class=\"wp-block-heading\">Odenw\u00e4lder Cafestube&nbsp;<\/h3>\n\n\n\n<p>Zum R\u00f6merbad 2<br>64720 Michelstadt<br>Homepage: <a href=\"https:\/\/odenwaeldercafestube.page4.com\/index\/35\/\" target=\"_blank\" rel=\"noreferrer noopener\">Odenw\u00e4lder Cafestube<\/a><\/p>\n\n\n\n<h3 class=\"wp-block-heading\">Brenner W\u00fcrzberg&nbsp;<\/h3>\n\n\n\n<p>Hesselbacher Stra\u00dfe 17<br>64720 Michelstadt<br>Homepage: <a href=\"https:\/\/xn--brennerwrzberg-nsb.de\/\" target=\"_blank\" rel=\"noreferrer noopener\">Brenner W\u00fcrzberg<\/a><\/p>\n\n\n\n<h3 class=\"wp-block-heading\">Forsthaus Eulbach<\/h3>\n\n\n\n<p>Jagdschlo\u00df 1<br>Eulbach<br>64720 Michelstadt<br>Homepage: <a rel=\"noreferrer noopener\" href=\"https:\/\/www.forsthauseulbach.com\/\" target=\"_blank\">https:\/\/www.forsthauseulbach.com<\/a><\/p>\n\n\n\n<h2 class=\"wp-block-heading\">Unterk\u00fcnfte<\/h2>\n\n\n\n<h3 class=\"wp-block-heading\">Apartment mit Charme (\u00fcber airbnb)<\/h3>\n\n\n\n<p>airbnb-Link: <a href=\"https:\/\/www.airbnb.de\/rooms\/6023541?guests=1&amp;adults=1&amp;s=67&amp;unique_share_id=99162246-c80f-488d-9a44-13fe50192c25\" target=\"_blank\" rel=\"noreferrer noopener\">https:\/\/www.airbnb.de\/rooms\/6023541<\/a><\/p>\n\n\n\n<p>Dorothee Gottburgsen&nbsp;<br>Zum R\u00f6merbad 18A<br>64720 Michelstadt \/ W\u00fcrzberg<br>Tel.: 0172-6091273<\/p>\n\n\n\n<p>Separate Einliegerwohnung, welche ausschlie\u00dflich meinen G\u00e4sten zur Verf\u00fcgung steht und somit viel Privatsph\u00e4re in toller Umgebung bietet. Die Belegung ist f\u00fcr ein bis zwei Personen optimal, auch das Sofa im Wohnzimmer bietet bequem Platz zum Schlafen.<\/p>\n\n\n\n<h3 class=\"wp-block-heading\">Ferienhaus M\u00fcller<\/h3>\n\n\n\n<p>Zum R\u00f6merbad 2a<br>64720 Michelstadt, W\u00fcrzberg<br>Telefon: 06061-3506<br>Homepage: <a rel=\"noreferrer noopener\" href=\"https:\/\/ferienhausmueller.page4.com\/\" target=\"_blank\">https:\/\/ferienhausmueller.page4.com\/<\/a><\/p>\n\n\n\n<p>Gro\u00dfz\u00fcgiges Ferienhaus mit ca. 140 m\u00b2 Wohnfl\u00e4che in dem bis zu 4 Personen verweilen k\u00f6nnen.<\/p>\n\n\n\n<h3 class=\"wp-block-heading\">Heidis Ferienoase<\/h3>\n\n\n\n<p>Heidi Trumpfheller<br>Hauptstra\u00dfe 25<br>64720 Michelstadt<br>Telefon: +4915151020237<br>Homepage: <a href=\"https:\/\/www.heidis-ferienoase.de\/\" target=\"_blank\" rel=\"noreferrer noopener\">https:\/\/www.heidis-ferienoase.de\/<\/a><\/p>\n\n\n\n<p>Stilvollen 5-Sterne-Ferienwohnung, die f\u00fcr bis zu 4 Personen auf 130 qm neu gestaltet wurde. Freuen Sie sich auf einen kostenlosen Pool und eine gem\u00fctliche Sitzecke im toskanischen Stil mit Grill und Holzbackofen f\u00fcr entspannte Abende!<\/p>\n\n\n\n<h3 class=\"wp-block-heading\">Zum R\u00f6mernest<\/h3>\n\n\n\n<p>Ferienwohnung mit ca. 120 m\u00b2 Wohnfl\u00e4che<br>Caudia, Julian und Jan Weyrauch<br>+49 15142828869<br>Aktuell noch keine Homepage &#8211; bei anderen Betreibern auffindbar!<\/p>\n\n\n\n<p>Das Apartment verf\u00fcgt \u00fcber 3 Schlafzimmer, eine ausgestattete K\u00fcche und 2 Badezimmer.<\/p>\n\n\n\n<h2 class=\"wp-block-heading\">Touren \/ Sehensw\u00fcrdigkeiten<\/h2>\n\n\n\n<h3 class=\"wp-block-heading\">WILLEMS on tour \u2013 Freizeiterlebnisse<\/h3>\n\n\n\n<p>Gef\u00fchrte Wanderungen, Rad-Touren,&nbsp; Gesundheitstraining und mehr<br>Am Trieb 5<br>64720 Michelstadt<br>06061 9790620<br>Homepage: <a rel=\"noreferrer noopener\" href=\"https:\/\/www.willemsontour.de\/\" target=\"_blank\">https:\/\/www.willemsontour.de\/<\/a><\/p>\n\n\n\n<h3 class=\"wp-block-heading\">Englischer Garten Eulbach <\/h3>\n\n\n\n<p>Englischer Landschaftspark und gilt als \u00e4ltester arch\u00e4ologischer Park Deutschlands<br>Eulbach<br>64720 Michelstadt <br>06061 \u2013 706042<br>Homepage: <a rel=\"noreferrer noopener\" href=\"http:\/\/englischer-garten-eulbach.de\/englischer-garten.php\" target=\"_blank\">http:\/\/englischer-garten-eulbach.de\/englischer-garten.php<\/a><\/p>\n\n\n\n<hr class=\"wp-block-separator has-css-opacity\"\/>\n\n\n\n<p class=\"has-text-align-left\">Alle Angaben ohne Gew\u00e4hr! fehlende Angaben\/Fehler\/\u00c4nderungen bitte dem Seitenbetreiber melden!<\/p>\n","protected":false},"excerpt":{"rendered":"<p>Gastronomie Odenw\u00e4lder Cafestube&nbsp; Zum R\u00f6merbad 264720 MichelstadtHomepage: Odenw\u00e4lder Cafestube Brenner W\u00fcrzberg&nbsp; Hesselbacher Stra\u00dfe 1764720 MichelstadtHomepage: Brenner W\u00fcrzberg Forsthaus Eulbach Jagdschlo\u00df 1Eulbach64720 MichelstadtHomepage: https:\/\/www.forsthauseulbach.com Unterk\u00fcnfte Apartment mit Charme (\u00fcber airbnb) airbnb-Link: https:\/\/www.airbnb.de\/rooms\/6023541 Dorothee Gottburgsen&nbsp;Zum R\u00f6merbad 18A64720 Michelstadt \/ W\u00fcrzbergTel.: 0172-6091273 Separate Einliegerwohnung, welche ausschlie\u00dflich meinen G\u00e4sten zur Verf\u00fcgung steht und somit viel Privatsph\u00e4re in toller Umgebung [&hellip;]<\/p>\n","protected":false},"author":1,"featured_media":0,"parent":0,"menu_order":300,"comment_status":"closed","ping_status":"open","template":"","meta":{"jetpack_post_was_ever_published":false,"footnotes":""},"class_list":["post-24","page","type-page","status-publish","hentry"],"jetpack_shortlink":"https:\/\/wp.me\/P71HmM-o","jetpack_sharing_enabled":true,"publishpress_future_workflow_manual_trigger":{"enabledWorkflows":[]},"_links":{"self":[{"href":"https:\/\/www.wuerzberg.info\/index.php?rest_route=\/wp\/v2\/pages\/24","targetHints":{"allow":["GET"]}}],"collection":[{"href":"https:\/\/www.wuerzberg.info\/index.php?rest_route=\/wp\/v2\/pages"}],"about":[{"href":"https:\/\/www.wuerzberg.info\/index.php?rest_route=\/wp\/v2\/types\/page"}],"author":[{"embeddable":true,"href":"https:\/\/www.wuerzberg.info\/index.php?rest_route=\/wp\/v2\/users\/1"}],"replies":[{"embeddable":true,"href":"https:\/\/www.wuerzberg.info\/index.php?rest_route=%2Fwp%2Fv2%2Fcomments&post=24"}],"version-history":[{"count":26,"href":"https:\/\/www.wuerzberg.info\/index.php?rest_route=\/wp\/v2\/pages\/24\/revisions"}],"predecessor-version":[{"id":6979,"href":"https:\/\/www.wuerzberg.info\/index.php?rest_route=\/wp\/v2\/pages\/24\/revisions\/6979"}],"wp:attachment":[{"href":"https:\/\/www.wuerzberg.info\/index.php?rest_route=%2Fwp%2Fv2%2Fmedia&parent=24"}],"curies":[{"name":"wp","href":"https:\/\/api.w.org\/{rel}","templated":true}]}}